Let l = 7 + -7. Let t be l + 67/(-4) + 12/16. Is (13/4)/(6 + 92/t) a composite number?
False
Let x be (-2)/(-4) + 33798/4. Let v be 3/30*6 + (-342)/(-30). Suppose v*b - 3634 - x = 0. Is b a prime number?
False
Suppose 0 = 14*c - 17*c + 9. Let j(x) = 149*x - 32. Let q(w) = -150*w + 31. Let t(y) = c*j(y) + 2*q(y). Is t(5) prime?
True
Let u(x) = 300*x**3 - 2*x**2 + 2*x - 4. Let o be u(2). Let j = o - -199. Let g = 3708 - j. Is g a composite number?
False
Is ((-36)/((-36)/6))/(((-12)/(-585638))/3) a composite number?
True
Let d be (-1)/(-6) + (-50)/12. Let y(m) = -2*m + 4. Let w be y(d). Let a(o) = -o**2 + 18*o - 5. Is a(w) a composite number?
False
Suppose -5*m - 29 = z, 0 = 3*m + 10 + 5. Let i = 8 + z. Suppose 3*q + 6253 = 5*y, 2*q + 5865 = i*y + 861. Is y a prime number?
False
Suppose -5*r - y + 39 + 3 = 0, 5*y - 34 = -3*r. Suppose -6 = 5*d - r*d. Suppose 2035 = d*n + 441. Is n a composite number?
False
Suppose -v + 1108382 = 13*s - 9*s, 3*v + 1108406 = 4*s. Is s a composite number?
False
Let y = -11 - 2. Is (2922 - y) + (-2 - -3)*-2 prime?
False
Let h = 4400 + -569. Is h composite?
True
Let y = 100040 + -12825. Is y a composite number?
True
Is (4/12)/(6/2918646) a prime number?
False
Let w = 803 - 799. Let t be 68/(-1 + 34/32). Suppose t = -w*n + 5380. Is n composite?
True
Suppose -v = i - 88609, 4*i - 229296 = -v + 125134. Is i a prime number?
True
Let o = -1162806 + 1684193. Is o a composite number?
True
Suppose -5 + 1 = -2*o - 2*f, -3*o + 2*f = -6. Let g(c) = 18*c**o - 7 + 2 - 5*c**2 - 9*c. Is g(-6) a prime number?
False
Suppose -4*y = 4*m, 2*y - 16 = -3*y + 3*m. Is (y - 1)*(178 + 13) a prime number?
True
Suppose -v + 67592 + 56517 = 3*d, 0 = -v - 4. Is d composite?
True
Let q = 53 + -48. Suppose q*f + 3307 = j, 5*f + 13186 = 4*j + 6*f. Let t = 4658 - j. Is t a prime number?
True
Suppose 0*b = -3*b + 46863. Suppose -10*c + 10469 = -b. Is c composite?
False
Let d = 31885 + -15305. Suppose 11*w = 13*w + 4*b - 6606, -5*w + 3*b = -d. Is w composite?
False
Let u = 63 - 63. Suppose -2 = 2*f - u, 3*f + 1837 = 2*r. Is r a prime number?
False
Suppose 0 = -5*w - 3*p + 1548028 - 471824, -5*p = -3*w + 645702. Is w composite?
False
Suppose 0 = 4*m + 2 - 10. Is (5/(-25))/(0 - m/85130) a prime number?
True
Let w = -3384034 + 4831247. Is w prime?
True
Is (127545452/280 - (-12)/(-21)) + 8/80 prime?
False
Let t = -3 + -6. Let k be (-13 - t)/((-6)/3). Suppose 0 = k*y - 5*y + 1257. Is y a prime number?
True
Suppose -4*f + 166682 = -6*o, -7*o + 41667 = f - 5*o. Is f a composite number?
False
Let z(f) = 3*f - 11. Let u(q) = 7*q - 21. Let a(d) = 2*u(d) - 5*z(d). Let t be a(9). Suppose t*l - 1152 - 2109 = -n, 2*l = -n + 1631. Is l a prime number?
False
Suppose -3*m - 4083 = -6*m. Is m a prime number?
True
Let t = 136 + -133. Let m(s) = -2*s + 15. Let i be m(9). Is (t/(-2))/(i/114*3) a composite number?
False
Let f(l) = -l + 13. Let q be f(9). Suppose 754 = q*n + 3*o, -n + 181 = -0*n - 3*o. Is n a prime number?
False
Let h = -89440 + 190683. Is h a prime number?
False
Suppose 9*i - 13*i - 756 = -2*a, 0 = -5*a + 3*i + 1869. Let g = 1921 + a. Is g composite?
False
Let h = 183320 - 6739. Is h a prime number?
False
Is ((-5)/20*-2*-37)/(3/(-16518)) prime?
False
Suppose -131 = 23*t - 3259. Suppose -t*p + 6815 = -131*p. Is p a composite number?
True
Suppose 4 = -o, -2*o = -5*z + 241 + 27. Let i(k) = 8*k + 255. Is i(z) a prime number?
False
Is 708976324/8476 + (-4)/26 a prime number?
False
Suppose -519*j - 531*j + 1068*j - 20987838 = 0. Is j composite?
False
Let b(w) = -94*w**3 - 11*w**2 - 117*w - 269. Is b(-12) a composite number?
False
Suppose 0 = z + 44 - 46. Suppose -4*b = -3*p + 482, -2*p = -b - z*b - 322. Is p prime?
False
Suppose 5*y = 89 - 224. Is 0 + (-75903)/y - (-22)/(-99) a prime number?
False
Let o = -138501 - -199990. Is o composite?
True
Let t be 2353*32/(-12)*-3. Suppose 15*v - 13471 - t = 0. Is v prime?
True
Suppose y - 3 = 2*p - 3*p, -4*y = p - 21. Suppose -191 = -y*d + 253. Suppose -h + d = -15. Is h composite?
False
Suppose 3*y - 11580 = -y. Suppose 0 = 58*f - 11*f - 136770. Suppose -2*b - 561 + y = 4*w, -5*b - f = -5*w. Is w a composite number?
True
Suppose 70*h - l = 75*h - 464105, 0 = -h + 5*l + 92847. Is h composite?
True
Let i be ((-18)/(-8))/(-3) + (-233919)/(-36). Suppose 2*d = 10, 5*d = -4*r + 7*r - i. Is r a prime number?
False
Let a = -1 - -5. Suppose -5*g + 3*d + 18 = 0, 2*d = -108*g + 103*g + 13. Suppose 4*o - a = g*q + 128, 5*o + q - 165 = 0. Is o a prime number?
False
Let m = 66 + -68. Let t(z) = -52*z**3 - z**2 - 2*z + 1. Let w be t(m). Is (3/1 - 4) + (w - -3) composite?
False
Let x(a) = 135*a**3 + 6*a**2 - 24*a + 14. Is x(4) composite?
True
Let c be 84/24 - (-3)/(-6). Suppose 22 = 4*r - 2*d, 3*r - 14 = -4*d + c*d. Suppose r*u = q + 136 - 677, 2*u - 2705 = -5*q. Is q a composite number?
False
Let i(n) = -2625212*n + 6039. Is i(-2) a composite number?
False
Let y be (1/(-2))/(-2 - 108/(-56)). Suppose 5*u - 3 - y = -5*a, 2 = -u. Suppose 4*b = -m + 2714, b = 3*b + a*m - 1350. Is b prime?
False
Let u(c) = 136*c**2 + 464*c + 39. Is u(-58) a prime number?
False
Let w = -48539 - -104818. Is w prime?
False
Suppose -1061*v = -1037*v - 16637304. Is v prime?
False
Let g(d) = 393*d + 1. Let o be g(-6). Let u = o - -3620. Suppose -8600 - u = -7*p. Is p composite?
False
Let j(x) = 371*x**3 + 16*x**2 - 53*x - 51. Is j(7) a composite number?
True
Is 1149153*((-144)/(-396) - (-1)/(-33)) prime?
True
Let w be 3/(-2)*(-48)/36. Suppose 2*x + 23120 = -4*b + 8*b, -b + 5783 = -w*x. Is b a composite number?
False
Is 8/14 - (-10)/70*5835259 prime?
False
Let q be (-3)/((-290)/(-74) + -4). Let h = -32 + q. Suppose s - 4*j - 195 = -38, h*s = j + 709. Is s a prime number?
False
Let u(b) = -b**3 + 13*b**2 - 41*b - 5. Let t be u(7). Let s be (2 - 0 - 3)*(-12590)/t. Suppose -2*c + s = -5667. Is c prime?
True
Suppose 4*o = -3*h + 320427, 152947 = h + 4*o + 46146. Is h a composite number?
True
Let y(k) = 92*k**2 + 2*k + 21. Let l be y(13). Suppose -34*z = -133133 + l. Is z a prime number?
True
Let b(f) = -f**3 + 24*f**2 + 28*f - 73. Let r be b(25). Suppose 0 = -2*i + 4*w - 12, 2*i - r*w + 10 = w. Is (-1)/(-7)*i - (-81106)/14 composite?
True
Let i(b) = -699*b + 6482. Is i(-31) prime?
True
Let r(c) = 3249*c - 11. Let f be r(1). Let s = f - 1329. Is s a prime number?
False
Let r(j) = -j - 2. Let u be r(-5). Suppose -2*w + u = w. Is 0 + -4 - (-123)/w composite?
True
Suppose 0 = 3*w - 5*r - 71726, 0 = -3*w - 182*r + 181*r + 71756. Is w composite?
False
Suppose -30*f = -0*f - 14850. Let a = f - -176. Is a prime?
False
Suppose 484*y - 499*y = -600945. Is y composite?
False
Suppose 560*j - 553*j + 511 = 0. Is 49/(-21)*-6*j/(-2) a composite number?
True
Let t be (-6)/15*-255*2. Let z = t - 110. Is z a composite number?
True
Let s(f) = 862*f - 1693. Is s(10) composite?
True
Let j = -125 + 151. Suppose -j*z + 34*z = 9112. Is z a prime number?
False
Suppose -2*q - 4 = 0, 0 = t - 4*q - 36575 - 10654. Is t composite?
False
Suppose -14*t - 13*t = -17*t - 531130. Is t a prime number?
True
Let j be 1/4 + 13/(-52). Let x be ((-9)/(-3) - 1) + j. Suppose -9730 = -12*u + x*u. Is u prime?
False
Let w(i) = -i**3 - 3*i**2 + 34*i - 190. Let j be w(-22). Suppose v - 5*v - 12924 = 0. Let x = v + j. Is x prime?
False
Let g = 133 + -141. Let i(q) = q**3 + 22*q**2 - 10*q - 9. Is i(g) a prime number?
True
Let p = -7014 + 3315. Let u = p + 23534. Is u composite?
True
Suppose -46*z = 91*z - 2217071. Is z prime?
True
Is 22/7 + -3 + (1214631/63 - -9) a prime number?
True
Let i(c) = c**3 + 5*c**2 - 5*c + 10. Let g be i(-6). Suppose -5*u + 13223 + 27397 = 5*q, -2*u - g*q + 16238 = 0. Is u a prime number?
False
Let f be 280808/66 - (-2)/(-3). Suppose -472*t + 469*t + f = 0. Is t composite?
True
Let a = -52064 + 111891. Is a composite?
True
Let x = 247 + -231. Suppose x*j = 9*j + 13006. Is j prime?
False
Suppose -2*u - 80 = -0*u. Let j = u - 35. Is (-5)/(j/14562) - (-2)/10 prime?
True
Suppose -22 = -l - 4*a, 0*a + 9 = -3*l + 3*a. Suppose -2*w - 2 = -10, -4*g = -l*w - 8604. Is g composite?
False
Let b = 202718 + -68095. Is b composite?
True
Suppose 242764 = 25*u - 659993 - 1079668. Is u prime?
False
Let i(d) = 19577*d + 2968. Is i(9) composite?
False
Let w = 1556254 - 40907. Is w a composite number?
False
L